{"id":2365,"date":"2023-10-13T16:49:16","date_gmt":"2023-10-13T14:49:16","guid":{"rendered":"https:\/\/www.simplauto.com\/blog\/?page_id=2365"},"modified":"2023-09-08T17:14:02","modified_gmt":"2023-09-08T15:14:02","slug":"quest-ce-quun-pre-controle-technique","status":"publish","type":"page","link":"https:\/\/www.simplauto.com\/blog\/controle-technique\/preparer-le-controle-technique\/quest-ce-quun-pre-controle-technique\/","title":{"rendered":"Qu\u2019est-ce qu\u2019un pr\u00e9-contr\u00f4le technique ?"},"content":{"rendered":"\n<pre class=\"wp-block-preformatted\">Cet article fait partie de notre <a href=\"https:\/\/www.simplauto.com\/blog\/guide-du-controle-technique\/\">guide complet sur le contr\u00f4le technique<\/a>. Pour en savoir plus sur ce sujet, n'h\u00e9sitez pas \u00e0 consulter notre guide.<\/pre>\n\n\n\n<p>Le pr\u00e9 contr\u00f4le technique est une v\u00e9rification effectu\u00e9e avant le contr\u00f4le technique officiel. Il est propos\u00e9 par certains garages dans le but d&rsquo;informer le propri\u00e9taire du v\u00e9hicule sur l&rsquo;\u00e9tat g\u00e9n\u00e9ral de sa voiture et de lui donner une id\u00e9e des \u00e9ventuels travaux \u00e0 effectuer avant le contr\u00f4le technique officiel. Cependant, il est important de noter que le pr\u00e9 contr\u00f4le technique n&rsquo;a aucune valeur officielle.<\/p>\n\n\n\n<div id=\"ez-toc-container\" class=\"ez-toc-v2_0_75 counter-hierarchy ez-toc-counter ez-toc-grey ez-toc-container-direction\">\n<p class=\"ez-toc-title\" style=\"cursor:inherit\">Sommaire<\/p>\n<label for=\"ez-toc-cssicon-toggle-item-69d6219c75ace\" class=\"ez-toc-cssicon-toggle-label\"><span class=\"ez-toc-cssicon\"><span class=\"eztoc-hide\" style=\"display:none;\">Toggle<\/span><span class=\"ez-toc-icon-toggle-span\"><svg style=\"fill: #999;color:#999\" xmlns=\"http:\/\/www.w3.org\/2000\/svg\" class=\"list-377408\" width=\"20px\" height=\"20px\" viewBox=\"0 0 24 24\" fill=\"none\"><path d=\"M6 6H4v2h2V6zm14 0H8v2h12V6zM4 11h2v2H4v-2zm16 0H8v2h12v-2zM4 16h2v2H4v-2zm16 0H8v2h12v-2z\" fill=\"currentColor\"><\/path><\/svg><svg style=\"fill: #999;color:#999\" class=\"arrow-unsorted-368013\" xmlns=\"http:\/\/www.w3.org\/2000\/svg\" width=\"10px\" height=\"10px\" viewBox=\"0 0 24 24\" version=\"1.2\" baseProfile=\"tiny\"><path d=\"M18.2 9.3l-6.2-6.3-6.2 6.3c-.2.2-.3.4-.3.7s.1.5.3.7c.2.2.4.3.7.3h11c.3 0 .5-.1.7-.3.2-.2.3-.5.3-.7s-.1-.5-.3-.7zM5.8 14.7l6.2 6.3 6.2-6.3c.2-.2.3-.5.3-.7s-.1-.5-.3-.7c-.2-.2-.4-.3-.7-.3h-11c-.3 0-.5.1-.7.3-.2.2-.3.5-.3.7s.1.5.3.7z\"\/><\/svg><\/span><\/span><\/label><input type=\"checkbox\"  id=\"ez-toc-cssicon-toggle-item-69d6219c75ace\"  aria-label=\"Toggle\" \/><nav><ul class='ez-toc-list ez-toc-list-level-1 ' ><li class='ez-toc-page-1 ez-toc-heading-level-3'><a class=\"ez-toc-link ez-toc-heading-1\" href=\"https:\/\/www.simplauto.com\/blog\/controle-technique\/preparer-le-controle-technique\/quest-ce-quun-pre-controle-technique\/#Pourquoi_certains_garages_proposent-ils_un_pre_controle_technique\" >Pourquoi certains garages proposent-ils un pr\u00e9 contr\u00f4le technique ?<\/a><\/li><li class='ez-toc-page-1 ez-toc-heading-level-3'><a class=\"ez-toc-link ez-toc-heading-2\" href=\"https:\/\/www.simplauto.com\/blog\/controle-technique\/preparer-le-controle-technique\/quest-ce-quun-pre-controle-technique\/#Les_avantages_de_reserver_votre_controle_technique_sur_notre_plateforme_de_reservation_Simplauto\" >Les avantages de r\u00e9server votre contr\u00f4le technique sur notre plateforme de r\u00e9servation Simplauto<\/a><\/li><li class='ez-toc-page-1 ez-toc-heading-level-3'><a class=\"ez-toc-link ez-toc-heading-3\" href=\"https:\/\/www.simplauto.com\/blog\/controle-technique\/preparer-le-controle-technique\/quest-ce-quun-pre-controle-technique\/#A_lire_egalement\" >\u00c0 lire \u00e9galement :<\/a><\/li><\/ul><\/nav><\/div>\n<h3 class=\"wp-block-heading\"><span class=\"ez-toc-section\" id=\"Pourquoi_certains_garages_proposent-ils_un_pre_controle_technique\"><\/span>Pourquoi certains garages proposent-ils un pr\u00e9 contr\u00f4le technique ?<span class=\"ez-toc-section-end\"><\/span><\/h3>\n\n\n\n<p>Le pr\u00e9 contr\u00f4le technique est souvent pr\u00e9sent\u00e9 comme une offre de service suppl\u00e9mentaire par certains garages. L&rsquo;objectif est de rassurer le client sur l&rsquo;\u00e9tat de son v\u00e9hicule avant le contr\u00f4le technique officiel. Cependant, il est essentiel de comprendre que les garagistes n&rsquo;ont pas la qualification de contr\u00f4leur technique. Ainsi, m\u00eame si un garagiste vous assure que votre v\u00e9hicule passera le contr\u00f4le technique sans probl\u00e8me apr\u00e8s un pr\u00e9 contr\u00f4le, cela ne garantit en rien le r\u00e9sultat du contr\u00f4le technique officiel. <\/p>\n\n\n\n<p>Souvent, le pr\u00e9-contr\u00f4le technique est m\u00eame offert \u00ab\u00a0gratuitement\u00a0\u00bb. En r\u00e9alit\u00e9, l&rsquo;objectif du garage est de vous lister tous les \u00e9l\u00e9ments \u00e0 remplacer sur votre v\u00e9hicule, puis de vous facturer ces prestations avant le passage au contr\u00f4le. Nous vous recommandons de passer le contr\u00f4le technique avant de faire les r\u00e9parations, et m\u00eame au risque de payer une contre-visite (35\u20ac maximum)\u00a0: vous ne r\u00e9parerez que ce qui est mentionn\u00e9 sur le proc\u00e8s-verbal du contr\u00f4le, rien de plus\u00a0! Au final, la vraie \u00e9conomie sera s\u00fbrement celle-ci.<\/p>\n\n\n\n<h3 class=\"wp-block-heading\"><span class=\"ez-toc-section\" id=\"Les_avantages_de_reserver_votre_controle_technique_sur_notre_plateforme_de_reservation_Simplauto\"><\/span>Les avantages de r\u00e9server votre contr\u00f4le technique sur notre plateforme de r\u00e9servation Simplauto<span class=\"ez-toc-section-end\"><\/span><\/h3>\n\n\n\n<p>Si vous recherchez un centre agr\u00e9\u00e9 pour effectuer votre contr\u00f4le technique, nous vous recommandons de r\u00e9server directement sur <a href=\"https:\/\/www.simplauto.com\/\">notre plateforme de r\u00e9servation Simplauto<\/a>. Vous y trouverez les meilleurs tarifs et pourrez choisir le cr\u00e9neau horaire qui vous convient le mieux. Pour en savoir plus sur comment pr\u00e9parer votre v\u00e9hicule pour le contr\u00f4le technique, consultez <a href=\"https:\/\/www.simplauto.com\/blog\/controle-technique\/preparer-le-controle-technique\/\">notre article sur la pr\u00e9paration au contr\u00f4le technique<\/a>.<\/p>\n\n\n\n<h3 class=\"wp-block-heading\"><span class=\"ez-toc-section\" id=\"A_lire_egalement\"><\/span>\u00c0 lire \u00e9galement :<span class=\"ez-toc-section-end\"><\/span><\/h3>\n\n\n\n<ul class=\"wp-block-list\">\n<li><a href=\"https:\/\/www.simplauto.com\/blog\/controle-technique\/preparer-le-controle-technique\/delai-controle-technique\/\">Dans quel d\u00e9lai faire le contr\u00f4le technique ?<\/a><\/li>\n\n\n\n<li><a href=\"https:\/\/www.simplauto.com\/blog\/controle-technique-voiture-neuve\/\">Quand faire le premier contr\u00f4le technique d\u2019une voiture neuve ?<\/a><\/li>\n\n\n\n<li><a href=\"https:\/\/www.simplauto.com\/blog\/controle-technique-voiture-occasion\/\">Quand faire le contr\u00f4le technique d\u2019une voiture d\u2019occasion ?<\/a><\/li>\n\n\n\n<li><a href=\"https:\/\/www.simplauto.com\/blog\/controle-technique-vente-voiture\/\">Quel est le d\u00e9lai de validit\u00e9 du contr\u00f4le technique pour la vente d\u2019une voiture ?<\/a><\/li>\n\n\n\n<li><a href=\"https:\/\/www.simplauto.com\/blog\/controle-technique-date\/\">Comment calculer la date de mon prochain contr\u00f4le technique ?<\/a><\/li>\n\n\n\n<li><a href=\"https:\/\/www.simplauto.com\/blog\/ou-faire-controle-technique\/\">O\u00f9 faire mon contr\u00f4le technique ?<\/a><\/li>\n\n\n\n<li><a href=\"https:\/\/www.simplauto.com\/blog\/garages-controle-technique\/\">Les garages r\u00e9alisent-ils le contr\u00f4le technique ?<\/a><\/li>\n\n\n\n<li><a href=\"https:\/\/www.simplauto.com\/blog\/prix-controle-technique\/\">Combien co\u00fbte le contr\u00f4le technique ?<\/a><\/li>\n\n\n\n<li><a href=\"https:\/\/www.simplauto.com\/blog\/controle-technique-pas-cher\/\">Comment trouver un contr\u00f4le technique pas cher ?<\/a><\/li>\n\n\n\n<li><a href=\"https:\/\/www.simplauto.com\/blog\/rendez-vous-controle-technique\/\">Comment prendre rendez-vous pour mon contr\u00f4le technique ?<\/a><\/li>\n<\/ul>\n","protected":false},"excerpt":{"rendered":"<p>Cet article fait partie de notre guide complet sur le contr\u00f4le technique. Pour en savoir plus sur ce sujet, n&rsquo;h\u00e9sitez pas \u00e0 consulter notre guide. Le pr\u00e9 contr\u00f4le technique est une v\u00e9rification effectu\u00e9e avant le contr\u00f4le technique officiel. Il est propos\u00e9 par certains garages dans le but d&rsquo;informer le propri\u00e9taire du v\u00e9hicule sur l&rsquo;\u00e9tat g\u00e9n\u00e9ral<\/p>\n","protected":false},"author":1,"featured_media":0,"parent":1765,"menu_order":0,"comment_status":"closed","ping_status":"closed","template":"","meta":{"footnotes":""},"class_list":["post-2365","page","type-page","status-publish"],"_links":{"self":[{"href":"https:\/\/www.simplauto.com\/blog\/wp-json\/wp\/v2\/pages\/2365","targetHints":{"allow":["GET"]}}],"collection":[{"href":"https:\/\/www.simplauto.com\/blog\/wp-json\/wp\/v2\/pages"}],"about":[{"href":"https:\/\/www.simplauto.com\/blog\/wp-json\/wp\/v2\/types\/page"}],"author":[{"embeddable":true,"href":"https:\/\/www.simplauto.com\/blog\/wp-json\/wp\/v2\/users\/1"}],"replies":[{"embeddable":true,"href":"https:\/\/www.simplauto.com\/blog\/wp-json\/wp\/v2\/comments?post=2365"}],"version-history":[{"count":1,"href":"https:\/\/www.simplauto.com\/blog\/wp-json\/wp\/v2\/pages\/2365\/revisions"}],"predecessor-version":[{"id":2366,"href":"https:\/\/www.simplauto.com\/blog\/wp-json\/wp\/v2\/pages\/2365\/revisions\/2366"}],"up":[{"embeddable":true,"href":"https:\/\/www.simplauto.com\/blog\/wp-json\/wp\/v2\/pages\/1765"}],"wp:attachment":[{"href":"https:\/\/www.simplauto.com\/blog\/wp-json\/wp\/v2\/media?parent=2365"}],"curies":[{"name":"wp","href":"https:\/\/api.w.org\/{rel}","templated":true}]}}