{"id":1768,"date":"2021-06-12T14:17:06","date_gmt":"2021-06-12T12:17:06","guid":{"rendered":"https:\/\/www.simplauto.com\/blog\/?page_id=1768"},"modified":"2021-06-12T14:29:41","modified_gmt":"2021-06-12T12:29:41","slug":"apres-le-controle-technique","status":"publish","type":"page","link":"https:\/\/www.simplauto.com\/blog\/controle-technique\/apres-le-controle-technique\/","title":{"rendered":"Que se passe-t-il apr\u00e8s le contr\u00f4le technique ?"},"content":{"rendered":"\n<pre class=\"wp-block-verse\"><em>Cet article est issu de notre <a href=\"https:\/\/www.simplauto.com\/blog\/guide-du-controle-technique\/\" title=\"guide du controle technique\">guide du contr\u00f4le technique<\/a>, qui regroupe plus de 50 Questions-R\u00e9ponses relatives \u00e0 toutes les \u00e9tapes du contr\u00f4le technique&nbsp;: sa r\u00e9glementation, la pr\u00e9paration du contr\u00f4le technique, son d\u00e9roulement et enfin l'apr\u00e8s contr\u00f4le technique.<\/em><\/pre>\n\n\n\n<div id=\"ez-toc-container\" class=\"ez-toc-v2_0_75 counter-hierarchy ez-toc-counter ez-toc-grey ez-toc-container-direction\">\n<p class=\"ez-toc-title\" style=\"cursor:inherit\">Sommaire<\/p>\n<label for=\"ez-toc-cssicon-toggle-item-69f8a639c1aec\" class=\"ez-toc-cssicon-toggle-label\"><span class=\"ez-toc-cssicon\"><span class=\"eztoc-hide\" style=\"display:none;\">Toggle<\/span><span class=\"ez-toc-icon-toggle-span\"><svg style=\"fill: #999;color:#999\" xmlns=\"http:\/\/www.w3.org\/2000\/svg\" class=\"list-377408\" width=\"20px\" height=\"20px\" viewBox=\"0 0 24 24\" fill=\"none\"><path d=\"M6 6H4v2h2V6zm14 0H8v2h12V6zM4 11h2v2H4v-2zm16 0H8v2h12v-2zM4 16h2v2H4v-2zm16 0H8v2h12v-2z\" fill=\"currentColor\"><\/path><\/svg><svg style=\"fill: #999;color:#999\" class=\"arrow-unsorted-368013\" xmlns=\"http:\/\/www.w3.org\/2000\/svg\" width=\"10px\" height=\"10px\" viewBox=\"0 0 24 24\" version=\"1.2\" baseProfile=\"tiny\"><path d=\"M18.2 9.3l-6.2-6.3-6.2 6.3c-.2.2-.3.4-.3.7s.1.5.3.7c.2.2.4.3.7.3h11c.3 0 .5-.1.7-.3.2-.2.3-.5.3-.7s-.1-.5-.3-.7zM5.8 14.7l6.2 6.3 6.2-6.3c.2-.2.3-.5.3-.7s-.1-.5-.3-.7c-.2-.2-.4-.3-.7-.3h-11c-.3 0-.5.1-.7.3-.2.2-.3.5-.3.7s.1.5.3.7z\"\/><\/svg><\/span><\/span><\/label><input type=\"checkbox\"  id=\"ez-toc-cssicon-toggle-item-69f8a639c1aec\"  aria-label=\"Toggle\" \/><nav><ul class='ez-toc-list ez-toc-list-level-1 ' ><li class='ez-toc-page-1 ez-toc-heading-level-2'><a class=\"ez-toc-link ez-toc-heading-1\" href=\"https:\/\/www.simplauto.com\/blog\/controle-technique\/apres-le-controle-technique\/#Le_compte_rendu_du_controle_technique\" >Le compte rendu du contr\u00f4le technique<\/a><\/li><li class='ez-toc-page-1 ez-toc-heading-level-2'><a class=\"ez-toc-link ez-toc-heading-2\" href=\"https:\/\/www.simplauto.com\/blog\/controle-technique\/apres-le-controle-technique\/#Comment_lire_le_proces-verbal_du_controle_technique\" >Comment lire le proc\u00e8s-verbal du contr\u00f4le technique&nbsp;?<\/a><\/li><li class='ez-toc-page-1 ez-toc-heading-level-2'><a class=\"ez-toc-link ez-toc-heading-3\" href=\"https:\/\/www.simplauto.com\/blog\/controle-technique\/apres-le-controle-technique\/#Dans_quel_delai_la_contre-visite_doit-elle_etre_realisee\" >Dans quel d\u00e9lai la contre-visite doit-elle \u00eatre r\u00e9alis\u00e9e&nbsp;?<\/a><\/li><li class='ez-toc-page-1 ez-toc-heading-level-2'><a class=\"ez-toc-link ez-toc-heading-4\" href=\"https:\/\/www.simplauto.com\/blog\/controle-technique\/apres-le-controle-technique\/#Jai_depasse_le_delai_de_2_mois_pour_faire_la_contre-visite_que_faire\" >J&rsquo;ai d\u00e9pass\u00e9 le d\u00e9lai de 2 mois pour faire la contre-visite, que faire&nbsp;?<\/a><\/li><li class='ez-toc-page-1 ez-toc-heading-level-2'><a class=\"ez-toc-link ez-toc-heading-5\" href=\"https:\/\/www.simplauto.com\/blog\/controle-technique\/apres-le-controle-technique\/#Est-il_obligatoire_de_coller_la_vignette_du_controle_technique_sur_le_pare-brise_de_ma_voiture\" >Est-il obligatoire de coller la vignette du contr\u00f4le technique sur le pare-brise de ma voiture&nbsp;?<\/a><\/li><li class='ez-toc-page-1 ez-toc-heading-level-2'><a class=\"ez-toc-link ez-toc-heading-6\" href=\"https:\/\/www.simplauto.com\/blog\/controle-technique\/apres-le-controle-technique\/#Quand_renouveler_le_controle_technique_de_ma_voiture\" >Quand renouveler le contr\u00f4le technique de ma voiture&nbsp;?<\/a><\/li><li class='ez-toc-page-1 ez-toc-heading-level-2'><a class=\"ez-toc-link ez-toc-heading-7\" href=\"https:\/\/www.simplauto.com\/blog\/controle-technique\/apres-le-controle-technique\/#Que_faire_en_cas_de_perte_du_proces-verbal_de_controle_technique\" >Que faire en cas de perte du proc\u00e8s-verbal de contr\u00f4le technique&nbsp;?<\/a><\/li><\/ul><\/nav><\/div>\n<h2 class=\"wp-block-heading\"><span class=\"ez-toc-section\" id=\"Le_compte_rendu_du_controle_technique\"><\/span>Le compte rendu du contr\u00f4le technique<span class=\"ez-toc-section-end\"><\/span><\/h2>\n\n\n\n<p>Apr\u00e8s avoir minutieusement inspect\u00e9 votre voiture, le contr\u00f4leur technique va \u00e9tablir un proc\u00e8s-verbal de contr\u00f4le technique, qui liste l&rsquo;ensemble des d\u00e9faillances constat\u00e9es sur votre v\u00e9hicule.<\/p>\n\n\n\n<h2 class=\"wp-block-heading\"><span class=\"ez-toc-section\" id=\"Comment_lire_le_proces-verbal_du_controle_technique\"><\/span>Comment lire le proc\u00e8s-verbal du contr\u00f4le technique&nbsp;?<span class=\"ez-toc-section-end\"><\/span><\/h2>\n\n\n\n<p>Le proc\u00e8s-verbal de contr\u00f4le technique d\u00e9crit l&rsquo;ensemble des d\u00e9faillances constat\u00e9es sur votre voiture. Certaines d\u00e9faillances sont anodines, et sont simplement port\u00e9es \u00e0 votre attention. Les d\u00e9faillances majeures n\u00e9cessitent une r\u00e9paration et une pr\u00e9sentation \u00e0 la contre-visite : dans ce cas, le contr\u00f4leur vous proposera une date pour la contre-visite dans le d\u00e9lai l\u00e9gal. Enfin, les d\u00e9faillances critiques n\u00e9cessitent une r\u00e9paration dans la journ\u00e9e du contr\u00f4le, car elles repr\u00e9sentent un danger grave et imm\u00e9diat pour l&rsquo;automobiliste et les autres usagers de la route.<\/p>\n\n\n\n<h2 class=\"wp-block-heading\"><span class=\"ez-toc-section\" id=\"Dans_quel_delai_la_contre-visite_doit-elle_etre_realisee\"><\/span>Dans quel d\u00e9lai la contre-visite doit-elle \u00eatre r\u00e9alis\u00e9e&nbsp;?<span class=\"ez-toc-section-end\"><\/span><\/h2>\n\n\n\n<p>La contre-visite doit \u00eatre r\u00e9alis\u00e9e dans un d\u00e9lai l\u00e9gal de 2 mois \u00e0 compter de la date du contr\u00f4le technique initial. Dans ce d\u00e9lai, vous devrez faire r\u00e9parer les d\u00e9faillances majeures indiqu\u00e9es sur le proc\u00e8s-verbal du contr\u00f4le technique. <\/p>\n\n\n\n<h2 class=\"wp-block-heading\"><span class=\"ez-toc-section\" id=\"Jai_depasse_le_delai_de_2_mois_pour_faire_la_contre-visite_que_faire\"><\/span>J&rsquo;ai d\u00e9pass\u00e9 le d\u00e9lai de 2 mois pour faire la contre-visite, que faire&nbsp;?<span class=\"ez-toc-section-end\"><\/span><\/h2>\n\n\n\n<p>Si vous n&rsquo;avez pas r\u00e9alis\u00e9 la contre-visite dans le d\u00e9lai l\u00e9gal de 2 mois suite au contr\u00f4le technique, vous devrez passer \u00e0 nouveau un contr\u00f4le technique. Ce n&rsquo;est pas sans cons\u00e9quence, puisque le prix d&rsquo;une contre-visite (10\u20ac \u00e0 30\u20ac) est beaucoup moins cher que le <a href=\"https:\/\/www.simplauto.com\/\" title=\"prix d'un controle technique\">prix d&rsquo;un contr\u00f4le technique<\/a> (78\u20ac en moyenne).<\/p>\n\n\n\n<p>D&rsquo;autre part vous \u00eates susceptible de vous faire verbaliser en cas de contr\u00f4le, puisque votre contr\u00f4le technique est expir\u00e9 et que le d\u00e9lai de contre-visite est \u00e9coul\u00e9. Vous risquez donc une amende de 135\u20ac.<\/p>\n\n\n\n<p>Si vous avez tout de m\u00eame effectu\u00e9 les r\u00e9parations n\u00e9cessaires sur votre v\u00e9hicule entre-temps, il est tout \u00e0 fait possible que votre v\u00e9hicule passe le second contr\u00f4le technique sans avoir besoin d&rsquo;une contre-visite.<\/p>\n\n\n\n<h2 class=\"wp-block-heading\"><span class=\"ez-toc-section\" id=\"Est-il_obligatoire_de_coller_la_vignette_du_controle_technique_sur_le_pare-brise_de_ma_voiture\"><\/span>Est-il obligatoire de coller la vignette du contr\u00f4le technique sur le pare-brise de ma voiture&nbsp;?<span class=\"ez-toc-section-end\"><\/span><\/h2>\n\n\n\n<p>Contrairement aux id\u00e9es re\u00e7ues, il n&rsquo;y a aucune obligation l\u00e9gale de coller la vignette du contr\u00f4le technique sur votre pare-brise. En cas de contr\u00f4le, le timbre coll\u00e9 sur votre certificat d&rsquo;immatriculation (carte grise) sera v\u00e9rifi\u00e9. <\/p>\n\n\n\n<p>Vous risquez par contre de vous faire contr\u00f4ler plus souvent par les autorit\u00e9s, qui, ne voyant pas la vignette, seront susceptibles de vous demander les papiers du v\u00e9hicule pour v\u00e9rifier que vous \u00eates bien en r\u00e8gle.<\/p>\n\n\n\n<h2 class=\"wp-block-heading\"><span class=\"ez-toc-section\" id=\"Quand_renouveler_le_controle_technique_de_ma_voiture\"><\/span>Quand renouveler le contr\u00f4le technique de ma voiture&nbsp;?<span class=\"ez-toc-section-end\"><\/span><\/h2>\n\n\n\n<p>Le contr\u00f4le technique devra \u00eatre renouvel\u00e9 tous les 2 ans. Ce d\u00e9lai peut \u00eatre anticip\u00e9 dans le cadre de la vente de la voiture, qui n\u00e9cessite un contr\u00f4le technique de moins de 6 mois.<\/p>\n\n\n\n<h2 class=\"wp-block-heading\"><span class=\"ez-toc-section\" id=\"Que_faire_en_cas_de_perte_du_proces-verbal_de_controle_technique\"><\/span>Que faire en cas de perte du proc\u00e8s-verbal de contr\u00f4le technique&nbsp;?<span class=\"ez-toc-section-end\"><\/span><\/h2>\n\n\n\n<p>Si vous avez perdu le proc\u00e8s-verbal de contr\u00f4le technique de votre voiture, vous pouvez demander un duplicata au centre dans lequel le contr\u00f4le a \u00e9t\u00e9 r\u00e9alis\u00e9. Il vous d\u00e9livrera ce document sur simple demande et pr\u00e9sentation du certificat d&rsquo;immatriculation du v\u00e9hicule.<\/p>\n\n\n\n<p>Si vous ne connaissez pas le centre, mais que le v\u00e9hicule dispose de la vignette coll\u00e9e sur le pare-brise, vous pouvez relever le num\u00e9ro et rechercher le centre ayant fait le contr\u00f4le du v\u00e9hicule <a href=\"http:\/\/www.utac-otc.com\/v%C3%A9hicules-l%C3%A9gers\/retrouver-un-contr%C3%B4le-vl-%C3%A0-partir-de-la-vignette-pare-brise\" title=\"http:\/\/www.utac-otc.com\/v%C3%A9hicules-l%C3%A9gers\/retrouver-un-contr%C3%B4le-vl-%C3%A0-partir-de-la-vignette-pare-brise\">sur le site de l&rsquo;Organisme Technique Central<\/a>.<\/p>\n\n\n\n<p><\/p>\n\n\n\n<pre class=\"wp-block-verse\"><em><strong>\u00c0 lire \u00e9galement :<\/strong>\n<a href=\"https:\/\/www.simplauto.com\/blog\/controle-technique\/definition\/\" title=\"C'est quoi le contr\u00f4le technique ?\">C'est quoi le contr\u00f4le technique&nbsp;?\n<\/a><a href=\"https:\/\/www.simplauto.com\/blog\/controle-technique\/preparer-le-controle-technique\/\" title=\"Comment pr\u00e9parer le contr\u00f4le technique ?\">Comment pr\u00e9parer le contr\u00f4le technique&nbsp;?\n<\/a><a href=\"https:\/\/www.simplauto.com\/blog\/controle-technique\/reglementation\/\" title=\"Que dit la r\u00e9glementation concernant mon v\u00e9hicule ?\">Que dit la r\u00e9glementation concernant mon v\u00e9hicule&nbsp;?\n<\/a><a href=\"https:\/\/www.simplauto.com\/blog\/controle-technique\/deroulement\/\" title=\"D\u00e9roulement du contr\u00f4le technique\">D\u00e9roulement du contr\u00f4le technique<\/a><\/em><\/pre>\n","protected":false},"excerpt":{"rendered":"<p>Cet article est issu de notre guide du contr\u00f4le technique, qui regroupe plus de 50 Questions-R\u00e9ponses relatives \u00e0 toutes les \u00e9tapes du contr\u00f4le technique&nbsp;: sa r\u00e9glementation, la pr\u00e9paration du contr\u00f4le technique, son d\u00e9roulement et enfin l&rsquo;apr\u00e8s contr\u00f4le technique. Le compte rendu du contr\u00f4le technique Apr\u00e8s avoir minutieusement inspect\u00e9 votre voiture, le contr\u00f4leur technique va \u00e9tablir<\/p>\n","protected":false},"author":1,"featured_media":0,"parent":725,"menu_order":0,"comment_status":"closed","ping_status":"closed","template":"","meta":{"footnotes":""},"class_list":["post-1768","page","type-page","status-publish"],"_links":{"self":[{"href":"https:\/\/www.simplauto.com\/blog\/wp-json\/wp\/v2\/pages\/1768","targetHints":{"allow":["GET"]}}],"collection":[{"href":"https:\/\/www.simplauto.com\/blog\/wp-json\/wp\/v2\/pages"}],"about":[{"href":"https:\/\/www.simplauto.com\/blog\/wp-json\/wp\/v2\/types\/page"}],"author":[{"embeddable":true,"href":"https:\/\/www.simplauto.com\/blog\/wp-json\/wp\/v2\/users\/1"}],"replies":[{"embeddable":true,"href":"https:\/\/www.simplauto.com\/blog\/wp-json\/wp\/v2\/comments?post=1768"}],"version-history":[{"count":11,"href":"https:\/\/www.simplauto.com\/blog\/wp-json\/wp\/v2\/pages\/1768\/revisions"}],"predecessor-version":[{"id":1886,"href":"https:\/\/www.simplauto.com\/blog\/wp-json\/wp\/v2\/pages\/1768\/revisions\/1886"}],"up":[{"embeddable":true,"href":"https:\/\/www.simplauto.com\/blog\/wp-json\/wp\/v2\/pages\/725"}],"wp:attachment":[{"href":"https:\/\/www.simplauto.com\/blog\/wp-json\/wp\/v2\/media?parent=1768"}],"curies":[{"name":"wp","href":"https:\/\/api.w.org\/{rel}","templated":true}]}}