{"id":1767,"date":"2021-06-12T14:00:45","date_gmt":"2021-06-12T12:00:45","guid":{"rendered":"https:\/\/www.simplauto.com\/blog\/?page_id=1767"},"modified":"2021-06-17T16:43:18","modified_gmt":"2021-06-17T14:43:18","slug":"deroulement","status":"publish","type":"page","link":"https:\/\/www.simplauto.com\/blog\/controle-technique\/deroulement\/","title":{"rendered":"D\u00e9roulement du contr\u00f4le technique"},"content":{"rendered":"\n<pre class=\"wp-block-verse\"><em>Cet article est issu de notre <a href=\"https:\/\/www.simplauto.com\/blog\/guide-du-controle-technique\/\" title=\"guide du controle technique\">guide du contr\u00f4le technique<\/a>, qui regroupe plus de 50 Questions-R\u00e9ponses relatives \u00e0 toutes les \u00e9tapes du contr\u00f4le technique\u00a0: sa r\u00e9glementation, la pr\u00e9paration du contr\u00f4le technique, son d\u00e9roulement et enfin l'apr\u00e8s contr\u00f4le technique.<\/em><\/pre>\n\n\n\n<div id=\"ez-toc-container\" class=\"ez-toc-v2_0_75 counter-hierarchy ez-toc-counter ez-toc-grey ez-toc-container-direction\">\n<p class=\"ez-toc-title\" style=\"cursor:inherit\">Sommaire<\/p>\n<label for=\"ez-toc-cssicon-toggle-item-6a05f4f57fbe1\" class=\"ez-toc-cssicon-toggle-label\"><span class=\"ez-toc-cssicon\"><span class=\"eztoc-hide\" style=\"display:none;\">Toggle<\/span><span class=\"ez-toc-icon-toggle-span\"><svg style=\"fill: #999;color:#999\" xmlns=\"http:\/\/www.w3.org\/2000\/svg\" class=\"list-377408\" width=\"20px\" height=\"20px\" viewBox=\"0 0 24 24\" fill=\"none\"><path d=\"M6 6H4v2h2V6zm14 0H8v2h12V6zM4 11h2v2H4v-2zm16 0H8v2h12v-2zM4 16h2v2H4v-2zm16 0H8v2h12v-2z\" fill=\"currentColor\"><\/path><\/svg><svg style=\"fill: #999;color:#999\" class=\"arrow-unsorted-368013\" xmlns=\"http:\/\/www.w3.org\/2000\/svg\" width=\"10px\" height=\"10px\" viewBox=\"0 0 24 24\" version=\"1.2\" baseProfile=\"tiny\"><path d=\"M18.2 9.3l-6.2-6.3-6.2 6.3c-.2.2-.3.4-.3.7s.1.5.3.7c.2.2.4.3.7.3h11c.3 0 .5-.1.7-.3.2-.2.3-.5.3-.7s-.1-.5-.3-.7zM5.8 14.7l6.2 6.3 6.2-6.3c.2-.2.3-.5.3-.7s-.1-.5-.3-.7c-.2-.2-.4-.3-.7-.3h-11c-.3 0-.5.1-.7.3-.2.2-.3.5-.3.7s.1.5.3.7z\"\/><\/svg><\/span><\/span><\/label><input type=\"checkbox\"  id=\"ez-toc-cssicon-toggle-item-6a05f4f57fbe1\"  aria-label=\"Toggle\" \/><nav><ul class='ez-toc-list ez-toc-list-level-1 ' ><li class='ez-toc-page-1 ez-toc-heading-level-2'><a class=\"ez-toc-link ez-toc-heading-1\" href=\"https:\/\/www.simplauto.com\/blog\/controle-technique\/deroulement\/#Comment_va_se_derouler_le_controle_technique\" >Comment va se d\u00e9rouler le contr\u00f4le technique&nbsp;?<\/a><\/li><li class='ez-toc-page-1 ez-toc-heading-level-2'><a class=\"ez-toc-link ez-toc-heading-2\" href=\"https:\/\/www.simplauto.com\/blog\/controle-technique\/deroulement\/#Quels_sont_les_documents_obligatoires_pour_passer_le_controle_technique\" >Quels sont les documents obligatoires pour passer le contr\u00f4le technique&nbsp;?<\/a><\/li><li class='ez-toc-page-1 ez-toc-heading-level-2'><a class=\"ez-toc-link ez-toc-heading-3\" href=\"https:\/\/www.simplauto.com\/blog\/controle-technique\/deroulement\/#Jai_perdu_ma_carte_grise_originale_mais_je_dois_passer_le_controle_technique_que_faire\" >J&rsquo;ai perdu ma carte grise originale, mais je dois passer le contr\u00f4le technique : que faire&nbsp;?<\/a><\/li><li class='ez-toc-page-1 ez-toc-heading-level-2'><a class=\"ez-toc-link ez-toc-heading-4\" href=\"https:\/\/www.simplauto.com\/blog\/controle-technique\/deroulement\/#Quelle_est_la_duree_du_controle_technique\" >Quelle est la dur\u00e9e du contr\u00f4le technique&nbsp;?<\/a><\/li><li class='ez-toc-page-1 ez-toc-heading-level-2'><a class=\"ez-toc-link ez-toc-heading-5\" href=\"https:\/\/www.simplauto.com\/blog\/controle-technique\/deroulement\/#Quels_sont_les_points_verifies_lors_du_controle_technique\" >Quels sont les points v\u00e9rifi\u00e9s lors du contr\u00f4le technique&nbsp;?<\/a><\/li><\/ul><\/nav><\/div>\n<h2 class=\"wp-block-heading\"><span class=\"ez-toc-section\" id=\"Comment_va_se_derouler_le_controle_technique\"><\/span>Comment va se d\u00e9rouler le contr\u00f4le technique&nbsp;?<span class=\"ez-toc-section-end\"><\/span><\/h2>\n\n\n\n<p>Le contr\u00f4le technique se d\u00e9roule en 3 \u00e9tapes :<\/p>\n\n\n\n<ul class=\"wp-block-list\"><li>La prise en charge \u00e0 votre arriv\u00e9e (5 minutes)&nbsp;: le contr\u00f4leur vous accueille et vous demande le certificat d&rsquo;immatriculation original du v\u00e9hicule (carte grise).<\/li><li>Le contr\u00f4le technique (20 \u00e0 30 minutes)&nbsp;: le contr\u00f4leur proc\u00e8de \u00e0 la v\u00e9rification des 133 points de contr\u00f4le.<\/li><li>Le compte rendu (5 \u00e0 10 minutes)&nbsp;: le professionnel vous explique les d\u00e9fauts qu&rsquo;il a constat\u00e9s, et en cas de d\u00e9faillance majeure ou critique, il vous propose une date pour la contre-visite dans un d\u00e9lai de 2 mois.<\/li><\/ul>\n\n\n\n<h2 class=\"wp-block-heading\"><span class=\"ez-toc-section\" id=\"Quels_sont_les_documents_obligatoires_pour_passer_le_controle_technique\"><\/span>Quels sont les documents obligatoires pour passer le contr\u00f4le technique&nbsp;?<span class=\"ez-toc-section-end\"><\/span><\/h2>\n\n\n\n<p>Le certificat d&rsquo;immatriculation original (carte grise) est le seul document obligatoire pour r\u00e9aliser le contr\u00f4le technique. Le contr\u00f4leur technique ne pourra en aucun cas r\u00e9aliser le contr\u00f4le sans ce document.<\/p>\n\n\n\n<h2 class=\"wp-block-heading\"><span class=\"ez-toc-section\" id=\"Jai_perdu_ma_carte_grise_originale_mais_je_dois_passer_le_controle_technique_que_faire\"><\/span>J&rsquo;ai perdu ma carte grise originale, mais je dois passer le contr\u00f4le technique : que faire&nbsp;?<span class=\"ez-toc-section-end\"><\/span><\/h2>\n\n\n\n<p>En cas de perte du certificat d&rsquo;immatriculation de votre v\u00e9hicule, il est possible de demander une <a href=\"https:\/\/immatriculation.ants.gouv.fr\/FAQ-Particulier\/Fiche-d-Identification-du-Vehicule\/Comment-demander-une-Fiche-d-Identification-du-Vehicule\" title=\"fiche d'identification du v\u00e9hicule en ligne\">fiche d&rsquo;identification du v\u00e9hicule en ligne<\/a>. Ce document vous permettra de r\u00e9aliser le contr\u00f4le technique en cas de perte ou de vol la carte grise originale.<\/p>\n\n\n\n<h2 class=\"wp-block-heading\"><span class=\"ez-toc-section\" id=\"Quelle_est_la_duree_du_controle_technique\"><\/span>Quelle est la dur\u00e9e du contr\u00f4le technique&nbsp;?<span class=\"ez-toc-section-end\"><\/span><\/h2>\n\n\n\n<p>Le contr\u00f4le technique dure entre 30 et 45 minutes, de votre prise en charge au compte rendu du contr\u00f4le.<\/p>\n\n\n\n<p>Que vous ayez r\u00e9serv\u00e9 un <a href=\"https:\/\/www.simplauto.com\/\" title=\"contr\u00f4le technique pas cher\">contr\u00f4le technique pas cher<\/a> sur notre site ou \u00e0 un tarif beaucoup plus \u00e9lev\u00e9, la dur\u00e9e du contr\u00f4le technique sera la m\u00eame, puisque bien entendu, le contr\u00f4le technique est strictement le m\u00eame. Vous b\u00e9n\u00e9ficiez simplement d&rsquo;offres propos\u00e9es par certains centres sur des cr\u00e9neaux sp\u00e9cifiques.<\/p>\n\n\n\n<h2 class=\"wp-block-heading\"><span class=\"ez-toc-section\" id=\"Quels_sont_les_points_verifies_lors_du_controle_technique\"><\/span>Quels sont les points v\u00e9rifi\u00e9s lors du contr\u00f4le technique&nbsp;?<span class=\"ez-toc-section-end\"><\/span><\/h2>\n\n\n\n<p>Le contr\u00f4le technique v\u00e9rifie un ensemble de points qui sont susceptibles, en cas de d\u00e9faillance, de porter une atteinte directe \u00e0 la s\u00e9curit\u00e9 du conducteur, des passagers, ou des autres usagers de la route. Ces \u00e9l\u00e9ments sont class\u00e9s en 10 cat\u00e9gories :<\/p>\n\n\n\n<ol class=\"wp-block-list\"><li>Identification du v\u00e9hicule ;<\/li><li>Freinage<\/li><li>Direction<\/li><li>Visibilit\u00e9<\/li><li>\u00c9clairage, signalisation <\/li><li>Liaison au sol<\/li><li>Structure, carrosserie<\/li><li>\u00c9quipements <\/li><li>Organes m\u00e9caniques<\/li><li>Pollution, niveau sonore.<\/li><\/ol>\n\n\n\n<p>Les 133 points de contr\u00f4le sont class\u00e9s dans ces cat\u00e9gories.<\/p>\n\n\n\n<p><\/p>\n\n\n\n<pre class=\"wp-block-verse\"><em><strong>\u00c0 lire \u00e9galement :<\/strong>\n<a href=\"https:\/\/www.simplauto.com\/blog\/controle-technique\/definition\/\" title=\"C'est quoi le contr\u00f4le technique ?\">C'est quoi le contr\u00f4le technique&nbsp;?\n<\/a><a href=\"https:\/\/www.simplauto.com\/blog\/controle-technique\/preparer-le-controle-technique\/\" title=\"Comment pr\u00e9parer le contr\u00f4le technique ?\">Comment pr\u00e9parer le contr\u00f4le technique&nbsp;?\n<\/a><a href=\"https:\/\/www.simplauto.com\/blog\/controle-technique\/reglementation\/\" title=\"Que dit la r\u00e9glementation concernant mon v\u00e9hicule ?\">Que dit la r\u00e9glementation concernant mon v\u00e9hicule&nbsp;?<\/a><a href=\"https:\/\/www.simplauto.com\/blog\/controle-technique\/deroulement\/\" title=\"D\u00e9roulement du contr\u00f4le technique\">\n<\/a><a href=\"https:\/\/www.simplauto.com\/blog\/controle-technique\/apres-le-controle-technique\/\" title=\"Que se passe-t-il apr\u00e8s le contr\u00f4le technique ?\">Que se passe-t-il apr\u00e8s le contr\u00f4le technique&nbsp;?<\/a><\/em><\/pre>\n","protected":false},"excerpt":{"rendered":"<p>Comment va se d\u00e9rouler le contr\u00f4le technique&nbsp;? Le contr\u00f4le technique se d\u00e9roule en 3 \u00e9tapes : La prise en charge \u00e0 votre arriv\u00e9e (5 minutes)&nbsp;: le contr\u00f4leur vous accueille et vous demande le certificat d&rsquo;immatriculation original du v\u00e9hicule (carte grise). Le contr\u00f4le technique (20 \u00e0 30 minutes)&nbsp;: le contr\u00f4leur proc\u00e8de \u00e0 la v\u00e9rification des 133<\/p>\n","protected":false},"author":1,"featured_media":0,"parent":725,"menu_order":0,"comment_status":"closed","ping_status":"closed","template":"","meta":{"footnotes":""},"class_list":["post-1767","page","type-page","status-publish"],"_links":{"self":[{"href":"https:\/\/www.simplauto.com\/blog\/wp-json\/wp\/v2\/pages\/1767","targetHints":{"allow":["GET"]}}],"collection":[{"href":"https:\/\/www.simplauto.com\/blog\/wp-json\/wp\/v2\/pages"}],"about":[{"href":"https:\/\/www.simplauto.com\/blog\/wp-json\/wp\/v2\/types\/page"}],"author":[{"embeddable":true,"href":"https:\/\/www.simplauto.com\/blog\/wp-json\/wp\/v2\/users\/1"}],"replies":[{"embeddable":true,"href":"https:\/\/www.simplauto.com\/blog\/wp-json\/wp\/v2\/comments?post=1767"}],"version-history":[{"count":14,"href":"https:\/\/www.simplauto.com\/blog\/wp-json\/wp\/v2\/pages\/1767\/revisions"}],"predecessor-version":[{"id":1966,"href":"https:\/\/www.simplauto.com\/blog\/wp-json\/wp\/v2\/pages\/1767\/revisions\/1966"}],"up":[{"embeddable":true,"href":"https:\/\/www.simplauto.com\/blog\/wp-json\/wp\/v2\/pages\/725"}],"wp:attachment":[{"href":"https:\/\/www.simplauto.com\/blog\/wp-json\/wp\/v2\/media?parent=1767"}],"curies":[{"name":"wp","href":"https:\/\/api.w.org\/{rel}","templated":true}]}}